 q is divided by 16.
12
Suppose o + l - 937 = -3*l, -2*o = 3*l - 1884. What is the remainder when o is divided by 119?
112
Let s be (9 - -1)*(-2)/4. Let z(b) = -43*b**2 - 3. Let x be z(3). What is the remainder when 52 is divided by (s - x/25) + (-4)/(-10)?
8
Let m = -6745 - -6766. What is the remainder when 141 is divided by m?
15
What is the remainder when 893 is divided by 105/28*120/18?
18
Suppose -3*n - 54 = -162. Suppose 128*l = 127*l. Suppose l = -4*o - w + 86, -5*o = w - 14 - 94. What is the remainder when n is divided by o?
14
Suppose -a + 0 = -3. Suppose -v + 4 = -a. Suppose -4*q + 45 + 70 = 5*s, -4*s - q = -81. What is the remainder when s is divided by v?
5
Suppose 3*n = n + 1232. Suppose -8*o = -o - n. Let r = 127 - o. What is the remainder when 77 is divided by r?
38
Suppose 2*c = -3*q + 232, -150*q + 2*c + 360 = -145*q. Suppose 2*z = -3 + 41. What is the remainder when q is divided by z?
17
Let d(u) = 1 - 1 + 0 + 3*u**2 - 1 - u - 2. Let r(v) = -v**3 + 6*v**2 + v - 4. Let h be r(6). What is the remainder when 19 is divided by d(h)?
5
What is the remainder when 340 is divided by 7/(35/(-40)) + (25 - -47)?
20
Suppose -g - l + 1212 = 0, -147*g + 150*g - 2*l = 3636. Calculate the remainder when g is divided by 606.
0
Let i be (-4)/3*(0 - (-8 - -5)). Calculate the remainder when 114 is divided by i/22 + 3652/121.
24
Suppose -161*d + 2376 = -117*d. What is the remainder when 975 is divided by d?
3
Let h(s) = 385*s + 24689. Calculate the remainder when h(-64) is divided by 1 + 1*3*7.
5
Suppose 0 = -2*b + 308 + 94. Let v = b + -132. Calculate the remainder when v is divided by 24.
21
Let w(m) = 14*m + 532. Let s be w(0). Suppose 8*x = 364 + s. What is the remainder when x is divided by 32?
16
Let j(n) = 5*n + 135. Let q be j(-27). Suppose 3*i - i + v = 146, 2*i - 2*v - 152 = q. Calculate the remainder when i is divided by 25.
24
Let j = -4094 - -4103. Calculate the remainder when 995 is divided by j.
5
Suppose -9*z + 355 = -329. Calculate the remainder when 379 is divided by z.
75
Calculate the remainder when (3 - (-55)/(-10))*7/((-105)/4296) is divided by 120.
116
Suppose -4 = -206*u + 210*u - 56. Suppose 0 = 2*n - 3*s + 1, 5*n - 4*s + 2 - 10 = 0. What is the remainder when u is divided by n?
1
Let n = 25522 + -25519. What is the remainder when (-265)/(-25) + (-3)/5 is divided by n?
1
Suppose -5*t - 4*x - 30 = 0, 2*x = 4*t - 0 - 2. Let j(w) = w**3 - 6*w**2 - 5*w + 7. What is the remainder when 38*(1 - 3)/t is divided by j(7)?
17
Let x(o) = -2 - 19 + o**2 + 1 + 11*o + 2*o**2. Calculate the remainder when 116 is divided by x(-6).
6
Let y be (3 - 2)/(-1*3/(-432)). Let g be (3/(-4))/((-54)/y). Suppose -5*l + 170 = -5*v, -60 - 122 = -5*l + g*v. What is the remainder when l is divided by 11?
5
Suppose 2*v - 4*b = 548, -10*v - 3*b = -7*v - 786. Calculate the remainder when v is divided by 104.
58
Let k = 3157 + -1855. What is the remainder when 15/50 - k/(-60) is divided by 8?
6
Suppose -2*q + 397 = -5*t, t = q - 44 - 36. Let g = -34 - t. What is the remainder when 129 is divided by g?
39
Let o(f) = 616*f**3 + 6*f**2 + 55*f - 59. What is the remainder when o(1) is divided by 145?
38
Let d(s) = 9*s**2 - 6*s - 5. Suppose -4*u + 67 = c, 3*c = 2*c + 3*u + 67. Calculate the remainder when c is divided by d(-1).
7
Let w = 79 + -53. Let m(d) = 91*d - 545. Calculate the remainder when w is divided by m(6).
0
Let w(n) = -109*n - 1331. What is the remainder when 859 is divided by w(-13)?
85
Suppose 10*s - 5*s + 3*m - 3313 = 0, 5*s + 4*m = 3309. Suppose 0 = -6*r - r + s. Calculate the remainder when r is divided by 50.
45
Let q = 430 - 392. What is the remainder when (-2)/(-2*(-3)/(-318)) is divided by q?
30
Let z = 306 - 265. Let a = z - -6. Calculate the remainder when a is divided by ((-2)/5)/((-6)/240).
15
Suppose -779 = -g - 465 + 536. Calculate the remainder when g is divided by 171.
166
Let h(b) = 2*b**3 - 2*b**2 - 3*b + 3. Let j be (-6)/57 - (-21)/19. Suppose -5*s - j = -16. What is the remainder when h(s) is divided by 8?
6
Let b = -26683 - -27795. What is the remainder when b is divided by 1111?
1
Suppose 1367 = 7*q + 233. Suppose -15*t = 3*t - q. Calculate the remainder when 78 is divided by t.
6
Let r = 6721 - 4216. What is the remainder when r is divided by 23?
21
Suppose 15*k + 0*k + 1050 = 0. What is the remainder when 5/((6/(-22))/(-3)) is divided by ((-288)/15)/4*k/21?
7
Let a(t) = -4*t**2 + 15*t + 687. What is the remainder when 1753 is divided by a(12)?
7
Let l = -10 - -38. What is the remainder when (-162)/24*(0 - (-16)/(-2)) is divided by l?
26
Let t be (6/8 - 4)/((-1)/(-84)). Let p = -246 - t. Calculate the remainder when p is divided by 8.
3
Let f(n) = -n**3 - 16*n**2 + 15*n + 147. Calculate the remainder when 217 is divided by f(-17).
36
Let f(l) = -l - 3. Suppose 73 = 20*o - 167. Suppose -10*d + 48 + o = 0. What is the remainder when d is divided by f(-6)?
0
Suppose -1902 = -3*k + 3*p, -1244 = -2*k - 2*p + 56. What is the remainder when 1323 is divided by k?
39
Suppose -684 = -41*d - 110. Let j(r) = -8*r - 6. Let f be j(-2). Let a = -2 + f. What is the remainder when d is divided by a?
6
Let q be ((-748)/(-16))/11 + (-4)/16. Let j(g) = -4*g + 25. Let m be j(10). What is the remainder when 178 is divided by q - 48/9*m/10?
10
Let g be -7 - (-6 - -6 - 7). Suppose g = 3*v - 4*z - 163 + 3, 3*v = -3*z + 195. What is the remainder when v is divided by 25?
10
Suppose -4*t + 145 = w, 24*w + 5*t - 337 = 21*w. Let g(f) = 6*f**3 - 4*f**2 + 5*f + 2. What is the remainder when g(4) is divided by w?
75
Suppose -109 - 131 = 3*f + 4*x, -2*x - 400 = 5*f. Let c be f/(-14) + (-22)/(-77). Suppose -c*b + 2*b = -20. What is the remainder when b is divided by 4?
1
Suppose o - 59664 + 59607 = 0. Calculate the remainder when 2391 is divided by o.
54
Suppose -59*d = 291*d - 7000. Calculate the remainder when 4299 is divided by d.
19
Suppose -11*a - 6*a = -51. What is the remainder when 25 is divided by (-22)/a*(-120)/80?
3
Suppose -3 = w, 0 = -2*j + w + 1 + 8. Suppose j*d + 252 = o, -9*o + 7*o + 4*d = -500. What is the remainder when o is divided by 62?
60
Suppose u + 147 = x - 395, x + 4*u - 547 = 0. Suppose 25 = 5*b - 80. What is the remainder when x is divided by b?
18
Let s be (7*(-14)/21)/(4/126). Let d = s - -332. What is the remainder when d is divided by 12?
5
Let a = -34 - -126. Let u = 93 - a. What is the remainder when 5 is divided by u?
0
Let c(d) be the first derivative of -d**4 + 3*d**2/2 + 2*d - 42. What is the remainder when c(-2) is divided by 16 - 1/(3 + -2)?
13
Suppose -11 - 809 = 5*x. Let j = 165 + x. Calculate the remainder when (0 - 1)*(-2 + 0) is divided by j.
0
Let y = 3 - -1. Suppose -4*a + 4 = -y. Suppose -4*h + 181 = -5*d, -d + 2*d - 87 = -a*h. What is the remainder when h is divided by 9?
8
Suppose 19*h + 10*h + 3924 - 26486 = 0. Calculate the remainder when h is divided by 157.
150
Suppose 31*r + 972 = 49*r. What is the remainder when 1025 is divided by r?
53
Let r(d) = -4*d + 78. Let b be r(29). Let m = -11 - b. Calculate the remainder when 107 is divided by m.
26
Suppose -26*s + 113 = 9. Let q(t) = -13*t + 66. What is the remainder when 264 is divided by q(s)?
12
Let u(b) = b**3 + 8*b**2 - 29*b - 39. Calculate the remainder when u(-10) is divided by 51.
0
Suppose 8*k - 26 = -5*x + 11*k, -5*k = -4*x + 26. What is the remainder when 611 is divided by x?
3
Suppose 302*z - 3229 = -3*p + 300*z, -4*p + 4287 = -z. What is the remainder when p is divided by 25?
23
Let f(t) = 9*t**2 + 4 - 346*t**3 + 3*t - 22*t**2 + 0 + 13*t**2. What is the remainder when f(-1) is divided by 35?
32
Let j(f) = f**3 + 17*f**2 + 31*f - 16. Let i be (1 - (-2)/(-10))/(14/(-245)). What is the remainder when j(i) is divided by 47?
44
Suppose 0 = 3*h - 0*h - 6. Suppose 5*y - 419 = j, -4*y + 333 = -h*j - j. Suppose -3*s = -2*s - y. Calculate the remainder when s is divided by 22.
18
Suppose -6*g = -g - 655. Let q = -1894 - -2853. Suppose g - q = -6*f. Calculate the remainder when f is divided by 47.
44
Suppose -4*x - 104*n + 145 = -107*n, 5*n - 25 = 0. Calculate the remainder when 431 is divided by x.
31
Suppose -5*y = 4*a - 116, 5*y + 8 = a + y. Let l = a - -16. What is the remainder when 18 is divided by (50/l)/((-2)/(-16))?
8
Let y(n) be the first deriv